n 70 is divided by l.
4
Suppose 28*g - 4189 - 4155 = 0. Calculate the remainder when g is divided by 76.
70
Suppose -6*a + 20 = 998. Let u = a + 412. Suppose -5*t + 2*t = -u. What is the remainder when t is divided by 21?
20
Suppose -3*d - 2 = 10, -4*i - 8 = 5*d. Suppose -5 = -i*z + 2*z, 2*t - 2*z + 4 = 0. Suppose -96 - 39 = -t*r. What is the remainder when r is divided by 23?
22
Let p = 55 + 25. What is the remainder when p is divided by 17?
12
Suppose 2*m = 6*m + 4*m. Suppose m = -33*g + 37*g - 268. What is the remainder when g is divided by 24?
19
Let t(r) = -r**2 - 2*r + 8. Let i(u) = 8*u**2 - u. What is the remainder when t(0) is divided by i(1)?
1
Suppose 2*i = y + i - 46, -4*y + 2*i = -180. Let h = y + -32. Calculate the remainder when 43 is divided by -1*2*(-66)/h.
10
Let p be (-1)/(-3) - 84/(-18). Suppose -93 = -4*o - p*h + 69, 0 = -5*o + 3*h + 184. Calculate the remainder when o is divided by ((91/(-7))/(-1))/1.
12
Let d = 3545 + -3483. Suppose 4*s = 3*s + 4*j + 186, 4*j = -4. Calculate the remainder when s is divided by d.
58
Suppose -163 = -4*m + m - 5*j, -2*j + 110 = 2*m. What is the remainder when 333 is divided by m?
53
Suppose -5*r = -2*m + 4*m + 770, -324 = 2*r + 4*m. Let s = -120 - r. What is the remainder when 157 is divided by s?
29
Let l(a) = -a**3 + 23*a**2 + 46*a - 84. Calculate the remainder when l(24) is divided by 50.
44
Suppose -434*q = -437*q - g + 6, 2*g = 5*q - 32. Calculate the remainder when (-8)/3*9/(-2) is divided by q.
0
Suppose -7*v - 1162 = -1400. What is the remainder when 96 is divided by v?
28
Let i(q) = 84*q - 3. Let n be i(3). Suppose -n = -4*v + 99. Calculate the remainder when v is divided by 22.
21
Let w = 557 - -1090. Calculate the remainder when w is divided by 66.
63
Let j(p) = 29*p**3 + 3*p**2 - 2*p + 2. Calculate the remainder when j(1) is divided by 18.
14
What is the remainder when 128 is divided by 29/5*(-20)/(-4)?
12
Let i = 32 + -4. Let c = 9436 + -9327. Calculate the remainder when c is divided by i.
25
Let s = 561 - -8. Calculate the remainder when s is divided by 147.
128
Let l(b) = -7*b + 4. Suppose 2*u + 1 = u, -3*k - 860 = -u. Let m = -188 - k. Calculate the remainder when m is divided by l(-3).
24
Suppose 2*v = 0, -4*z + 0*v - 16 = v. Let d be (-3 + z/(-2))*-8. Let t(k) = 3*k - 13. Calculate the remainder when 43 is divided by t(d).
10
Suppose -108 = -7*j + 207. What is the remainder when 203 is divided by j?
23
Let z = -321 - -731. Calculate the remainder when z is divided by 138.
134
Let i = 22 - 11. Let m(b) = b**3 - 12*b**2 + 20*b - 3. Let x be m(10). Calculate the remainder when (205/15)/((-1)/x) is divided by i.
8
Let y = 35 + -33. Let d(o) = 11*o**3 - o + 3. Let x(u) = 2*u**3 - 2*u**2 - 5*u + 2. What is the remainder when d(y) is divided by x(3)?
20
Suppose 71*i = 75*i - 668. Calculate the remainder when i is divided by 6.
5
Let z(j) = -21*j - 48. Calculate the remainder when 9936/40 + (-3)/(-5) is divided by z(-4).
33
Let d = -52 - -63. Suppose 50 = -10*b + d*b. What is the remainder when b is divided by 26?
24
Let l(p) = p**3 + 9*p**2 + 9*p + 4. Let s be l(-8). What is the remainder when (12/10)/(6/160) is divided by s + (0 - -2) + 13?
10
Let t = -6 + 8. What is the remainder when 8/36 + 374/18 is divided by 9 + (t - 3) - 2?
3
What is the remainder when (-4)/1 + 264 + 2 is divided by 54?
46
Let y(x) = -2*x - 20. Let o be y(-12). Suppose o*d - 11 = 3*d. What is the remainder when 41 is divided by d?
8
Suppose -x - 276 = -8. Let d = -163 - x. What is the remainder when d is divided by 27?
24
Suppose -o - 1 = 2*n - 5, -3*o = 5*n - 16. Let l = -3 - -23. Suppose -3*a + 10 + 28 = 5*c, 3*c - a - l = 0. Calculate the remainder when o is divided by c.
5
Suppose -3*x - 206 - 265 = -5*k, 5*k + 2*x - 461 = 0. What is the remainder when k is divided by 26?
15
Let x = -7 + 13. Let w = 11 + x. Suppose j + 4*m = 9*m + 67, -3*j + 3*m + 201 = 0. What is the remainder when j is divided by w?
16
Suppose -65*k = -45*k - 2720. What is the remainder when k is divided by 5?
1
Let x = 1731 - 1634. Calculate the remainder when x is divided by 3.
1
Let d = 176 + -148. Let x(v) = v**2 - 12*v - 3. Let n be x(12). Calculate the remainder when 106*(15/(-6) - n) is divided by d.
25
Suppose 5*i - 58 = -2*b, -b - 3*b = -16. Suppose 10*t - 6*t - 28 = 0. Let o(m) = m**3 - 8*m**2 + 13*m - 5. Calculate the remainder when o(t) is divided by i.
7
What is the remainder when 3*(32 + -8 - 3) is divided by -2 - (6*5)/(-2)?
11
Let z be 1*(2 - (-1 + -116)). Let p = z - 0. What is the remainder when p is divided by 30?
29
Let u(v) = -2*v + 54. Let y(n) = n**2 - 3*n + 5. Let m be y(5). Calculate the remainder when u(m) is divided by 5.
4
What is the remainder when 199 is divided by (-264)/484 + 1244/22?
31
Calculate the remainder when 299 is divided by 18*12/(-24)*(-5)/3.
14
Suppose 27 - 3 = 8*o. Suppose 5*a = 4*p + 56, -p - 28 = -o*a - 0*p. Calculate the remainder when 22 is divided by a.
6
Suppose -2*p + 120 = -7*p. Let d = p + 48. Calculate the remainder when 45 is divided by d.
21
Suppose 12*n - 102 = -3*x + 14*n, 4*x + 3*n - 136 = 0. What is the remainder when 131 is divided by x?
29
Suppose 0 = 14*t - 19*t + 110. What is the remainder when 54 is divided by t?
10
Let w = 51 - 6. Let j = -25 + w. Calculate the remainder when 78 is divided by j.
18
Let i(k) = -k**3 - 4*k**2 + 3*k - 6. Let d be i(-5). Suppose -d*m + 24 = -2*m. Let x(y) = -8*y**2 - 54*y - 1. What is the remainder when x(-6) is divided by m?
11
Let l(x) = 13*x**2 + x. Let g be l(4). Let s = 124 - g. What is the remainder when 43 is divided by (s/2)/(4/(-2))?
21
Let i = -1079 + 1167. What is the remainder when 337 is divided by i?
73
Let n = -185 - -295. Let q be 3088/(-44) + 2/11. Let z = -42 - q. What is the remainder when n is divided by z?
26
Suppose 4*h - 82 = 18. Let d(j) = -j**2 + 4. What is the remainder when h is divided by d(0)?
1
Suppose i - 38 = 4*g - 8, -2*i - g + 51 = 0. Suppose -30 + 39 = -c + 4*b, -19 = -5*c + 4*b. Calculate the remainder when i is divided by c.
5
Let a(l) = 8*l**3 + 2*l**2 + 4*l + 3. Let o be a(-2). Let x = 131 + o. What is the remainder when x is divided by 21?
7
Let k be ((-1)/5)/((-4)/20). Calculate the remainder when -24*(5/(-3) - k) is divided by 6/(-33) - (3 - 712/44).
12
Let p(q) = 22*q**2 - 12*q - 24. Calculate the remainder when 290 is divided by p(-2).
26
Suppose 0 = -7*n + 148 + 111. Let t = 48 - n. Calculate the remainder when 52 is divided by t.
8
Suppose -8*v + 5*v = -9. Suppose -2*p = -v*p + 32. Suppose p*s - 34*s = -12. What is the remainder when 26 is divided by s?
2
Suppose -196 = -0*v - 7*v. Calculate the remainder when 53 is divided by v.
25
Suppose -65 = 17*n - 167. Calculate the remainder when 12 is divided by 1 - (12/(-6) - n).
3
Suppose -r + 3*y + 8 = 0, 3*y - 10 = -3*r - 2*y. Suppose 3*a - 2*a - r*n = 11, -n = -5*a + 31. Calculate the remainder when 9 is divided by a.
3
Suppose 3*s + 622 = -350. Let m be (-50)/(-8)*s/9. What is the remainder when 27 is divided by (12/(-10))/(18/m)?
12
Let o = 742 + -263. Calculate the remainder when o is divided by 13.
11
Suppose -s - 12 = -3*s. Calculate the remainder when (105/(-28))/(0 - (-6)/(-16)) is divided by s*4/(-8) - -9.
4
Let c = 20 + -8. Suppose 3*x - x = c. Calculate the remainder when (-1 - 8/(-6))*x is divided by 2.
0
Let x(b) = 2*b**2 + 8*b + 9. Suppose -9*h + 30 = -14*h. Calculate the remainder when x(h) is divided by 13.
7
Let y(k) = 11*k**3 - 2*k**2 + 3. Let j be y(2). Let f = 89 - j. What is the remainder when 15 is divided by f?
3
Let d(b) = -7*b**3 + b**2 - b - 4. Let j be (-3 + (-4)/(-4))*1. Let v = -21 - -36. What is the remainder when d(j) is divided by v?
13
Let x = -778 + 926. Calculate the remainder when x is divided by 43.
19
Suppose -496 - 46 = -2*f. What is the remainder when f is divided by 21?
19
Let k(q) = 40*q**2 + 2*q - 4. Let z be k(2). Suppose -4*p + 16 + z = 0. What is the remainder when p is divided by 23?
21
Let m(g) = 18*g - 22. Suppose 0 = 6*c - 13*c + 42. What is the remainder when m(c) is divided by 23?
17
Suppose 0*h = -5*h + 10. What is the remainder when (h/4)/(2/32) is divided by 3?
2
Let m be (11/3 - -2)/(9/27). What is the remainder when 96 is divided by (m + -24)/(2/(-8)*2)?
12
Suppose 3*m = k - 2*k + 25, 5*